
Suppose 0 = -f - c, 1 = 5*f + 2*c - 5. Suppose f*s - s = 3. Suppose -48 = -s*g - 0*y + y, -2*g + 46 = 4*y. What are the prime factors of g?
17
Suppose -4*c + 0*c = 0. Suppose c = -8*i + 4*i + 20. Suppose -2*n + 3*v = -43, -i*n + 29 + 53 = v. What are the prime factors of n?
17
Let j(n) = -3*n - 2*n + 0 - 1. What are the prime factors of j(-4)?
19
Let p be 44/(-6)*1*-3. Suppose 57 = -0*b + 5*b + 3*z, 2*z = -2*b + p. Suppose -5*m = -b - 3. List the prime factors of m.
3
Suppose 6*k = -2*k + 360. List the prime factors of k.
3, 5
Let r = 7 - -20. Suppose -3*d = -36 - r. List the prime factors of d.
3, 7
Let t = -6 - 0. Let y be (-16)/10*(-75)/t. List the prime factors of (-3)/((-2)/(y/(-6))).
5
Let w(v) = -v**3 - 3*v**2 - v. Let k be w(-3). Suppose -k = n - 24. List the prime factors of n.
3, 7
Suppose -5*a - 3*n = -6*n - 791, a - 2*n - 154 = 0. Suppose -3*l - a = l. Let u = l + 60. List the prime factors of u.
2, 5
Let z = -14 - -17. Suppose -j - 4*y = -z*j, -y = 5*j - 55. What are the prime factors of j?
2, 5
Let v(d) be the third derivative of d**4/24 + 3*d**3 - d**2. Suppose 0 = -r + h - 7, 3*r - 6*r - 20 = -4*h. What are the prime factors of v(r)?
2, 5
Let y = 1 - -2. Suppose -y*j - 26 + 104 = 0. List the prime factors of j.
2, 13
What are the prime factors of -4*(-3 + (-579)/12)?
5, 41
Suppose 0 = -2*s + s - o + 206, 5*s - 1006 = o. What are the prime factors of s?
2, 101
Let v = -225 - -805. Suppose -5*m + 460 = -v. What are the prime factors of m/20 - 4/10?
2, 5
Let j = 35 + -22. Suppose -h = -j - 1. List the prime factors of h.
2, 7
Let m be -1 + (-48 - 0/2). Let f = m + 78. What are the prime factors of f?
29
Let f(z) = -z**2 + 18*z - 27. What are the prime factors of f(12)?
3, 5
Let t = 24 + 20. What are the prime factors of 3/4 - (-2123)/t?
7
Let s(j) = -2 - 5*j + 6 - j**2 - 2. Let u be s(-5). Suppose 3*f = 5*n + 51, f - 7 = -u*n - 1. What are the prime factors of f?
2, 3
Let y(x) = -28*x + 32. Let b(f) = -f + 1. Let d(h) = -96*b(h) + 3*y(h). What are the prime factors of d(1)?
2, 3
Suppose 0 = -7*w + 4*w + 120. List the prime factors of w.
2, 5
Let d(k) = -k**2 + 8*k - 7. Let r be d(5). Let n(y) = y**3 - 7*y**2 - 5*y + 11. List the prime factors of n(r).
5, 7
Let v(n) be the first derivative of n**3/3 - 5*n**2/2 + 4*n + 1. Let o be v(4). Let f = 11 - o. What are the prime factors of f?
11
Let x(m) = -3*m - 6. Let a be (-2)/(-10) - 32/10. Let f be (-1 - (-24)/9)*a. List the prime factors of x(f).
3
Let b = -5 + 1. Let u = 22 + b. Suppose 0 = 4*m - 2*q - 40, 2*m + 3*q - 10 - u = 0. List the prime factors of m.
11
Suppose 0*u = -3*u + 9. Let g be u/(-3) + -2 + -1. Let c = 6 + g. List the prime factors of c.
2
Let a(m) = -m + 33. Let h be a(0). Let o = h + -22. List the prime factors of o.
11
Let a(o) = o**2 + 10*o + 3. Let h be ((-4)/(-3))/(4/(-30)). What are the prime factors of a(h)?
3
Let d be (4/14)/((-1)/(-7)). Suppose 2*s + d*s = 40. List the prime factors of s.
2, 5
Suppose -4*o = 2*t - 26, 3*t + o - 4*o - 30 = 0. What are the prime factors of t?
11
Suppose m + 2*n - 2 = 21, 51 = 2*m + 3*n. List the prime factors of m.
3, 11
Suppose 3*w = 5*w - 16. Suppose 110 = w*m - 3*m. What are the prime factors of m?
2, 11
Suppose -c - 1 = -u + 15, -4*c = 4*u + 104. List the prime factors of 2/(-14) + (-66)/c.
3
Suppose -3*j = -3*c - 39, -2*j + 2 = -3*c - 21. List the prime factors of j.
2
Suppose -48 = -4*n + 2*n. List the prime factors of n.
2, 3
Let v(y) = 3*y**2 + 8*y + 3. What are the prime factors of v(-3)?
2, 3
Suppose -c = 4*c - 25. Suppose c*q = 69 + 11. List the prime factors of q.
2
Let b(h) = -h - 3. Let j be b(-3). Let p be 2*(1 + j)*-4. Let f(d) = -d - 4. List the prime factors of f(p).
2
Let b(u) = u + 28. Let f be b(0). Let h = f - 19. What are the prime factors of h?
3
What are the prime factors of (-16)/28*(-1295)/10?
2, 37
Let o be 4/(-10) - (-254)/10. Suppose 3*s = 2*s + o. List the prime factors of s.
5
Suppose -3*o - 4*n + 145 = 0, 27 = -3*o + 4*o - 4*n. What are the prime factors of o?
43
Let u(f) = f + 15. Let z = 4 + -4. Let m be u(z). Suppose 4 + m = j. What are the prime factors of j?
19
Let z(a) = -a**2 - 7*a. Let j be z(-5). Suppose n - o - 2*o = j, -3*o + 14 = 5*n. Suppose -2*s = 5*v - 45, 4*v - n*s - 69 = s. What are the prime factors of v?
11
Let i(g) = g - 28. Let w be i(0). What are the prime factors of (-204)/w + (-4)/14?
7
Let p be (-33)/(-6) - 9/6. List the prime factors of (-54)/((-7)/(14/p)).
3
Let f(t) = 4*t - 9. What are the prime factors of f(14)?
47
Let p = 274 + -10. What are the prime factors of p?
2, 3, 11
Let n be ((-3)/9)/(2/(-18)). Suppose n*l - 70 = -2*l. List the prime factors of l.
2, 7
Let c = 207 + -38. What are the prime factors of c?
13
Let r = 0 - 0. Suppose 6 = 2*k - 2*b, 3*b + r + 1 = k. What are the prime factors of k?
2
Suppose -19 - 23 = -2*o. Suppose -2*u = u - o. What are the prime factors of u?
7
Suppose 8*p = 5*o + 7*p - 96, 2*p = -2. List the prime factors of o.
19
Suppose -k - 6*k + 1274 = 0. What are the prime factors of k?
2, 7, 13
Let d(r) = -r**3 + 5*r**2 - r - 3. Let u be d(3). Suppose u = 4*n - 12. What are the prime factors of n?
2, 3
Let a = -85 + 130. What are the prime factors of a?
3, 5
List the prime factors of (-3)/((3/4)/((-75)/12)).
5
Suppose -p = 2, -3*o - 188 = o + 2*p. Let r = -27 - o. Suppose -r = -5*m + 3*x + 8, -4*x - 2 = -m. List the prime factors of m.
2, 3
Suppose -2*c + 4 = -0*c. Suppose -2*k - 27 = -4*m - 1, -m - c*k = -4. What are the prime factors of m?
2, 3
Let k = 32 + -2. List the prime factors of k.
2, 3, 5
Let j be 2/9 - (-8)/(-36). Let t be j/(2 - -1) - -7. List the prime factors of 10/(-35) - (-23)/t.
3
Let l(d) be the second derivative of -d**5/24 - d**4/12 - d**3/6 - 2*d. Let o(w) be the second derivative of l(w). What are the prime factors of o(-3)?
13
Let o(y) = y**3 + y. Let x(p) = -p**3 + 5*p**2 + 7*p - 4. Let j be x(6). List the prime factors of o(j).
2, 5
Let b(p) = p**3 - 8*p**2 - 8*p - 1. Let t be b(9). Let y(u) = 0 + 6 - u + 7. What are the prime factors of y(t)?
5
Let x(q) be the second derivative of -2*q**3/3 + q**2/2 + 2*q. List the prime factors of x(-2).
3
Suppose -5*v = 5*u - 135, 0*u - 5*v - 108 = -4*u. What are the prime factors of u?
3
Let b = 5 - 2. Let t(j) = 1 + 1 - b + 3*j**2 + 6*j - j**3. What are the prime factors of t(4)?
7
Let y = 5 - -42. What are the prime factors of y?
47
Let x be 4 - (-3)/((-9)/(-6)). Suppose -4*p = -p - x. Suppose p*v + 5*w - 4 - 1 = 0, -15 = 5*w. List the prime factors of v.
2, 5
What are the prime factors of (-1)/(-4 - 2) + 1270/12?
2, 53
Suppose -16 = -4*v - 5*b, -19 = -3*v - 2*b - 7. Suppose 5*d + v*n + 48 - 144 = 0, -3*n = d - 28. What are the prime factors of d?
2
Let a(x) = -x**3 - 7*x**2 + x + 9. Let m be a(-7). List the prime factors of 68/11 - m/11.
2, 3
List the prime factors of 28/(-7) - (-4)/2 - -18.
2
Let v be (-1 - 0)*4*8. Let c = v - -50. Suppose 0*u + 3*d + c = u, -2*u = -2*d - 16. What are the prime factors of u?
3
Let i(n) = -n**3 - 6*n**2 - 2*n - 9. Let u be i(-6). Suppose -u*h = -5*c + c - 29, -h + 23 = -4*c. List the prime factors of h.
3
Let l = 65 + -32. List the prime factors of l.
3, 11
Let j be (-3 - -5)/((-1)/12). Let a = 14 + j. What are the prime factors of 1 - ((-2 - -4) + a)?
3
Let f(s) = -s**3 + 9*s**2 + 11*s - 8. Let r be f(10). Suppose -4*i = 4*a - 64, r*i + 5*a - 4*a = 31. What are the prime factors of i?
3, 5
Let g be 4 - (-2)/(0 - 1). Suppose g*y + 4*j - 4 = -2*y, 3*y - 6 = -2*j. What are the prime factors of y?
2
Let q(w) be the third derivative of -w**4/24 + 4*w**3/3 + 3*w**2. Let g = -6 + 10. What are the prime factors of q(g)?
2
Suppose 4*s + 113 = 493. What are the prime factors of s?
5, 19
List the prime factors of 403/5 - (0 + (-9)/(-15)).
2, 5
Let a = 19 - 12. List the prime factors of a.
7
Suppose -t = 1 - 7. What are the prime factors of t?
2, 3
Let o = 10 - 7. Let f(j) = 2*j - 1. Let y be f(o). Suppose -2*b - 18 = -y*b. List the prime factors of b.
2, 3
Suppose -4*b + 2*n = -4, 3*n + n = 4*b. List the prime factors of 0/(-2) + b + 3.
5
Let a(v) be the first derivative of -v**2 - v - 2. List the prime factors of a(-2).
3
Let b(a) = -14*a - 37. What are the prime factors of b(-13)?
5, 29
Suppose 4*h - 3 - 5 = 0. Let k = h + 0. Suppose -k*b